+ 30 = -0*w + 3*q, 2*w + 4*q = -f. Calculate the remainder when 81 is divided by (-164)/w + 6/9.
25
Let c be ((-2)/(-3))/((-10)/75). Let u be c/(-2) + 6/(-12). Calculate the remainder when 15 is divided by u/(-6) + (-25)/(-3).
7
Suppose -54*y + 56*y = 138. What is the remainder when y is divided by 10?
9
Suppose -3 = -0*v - v. Let h be 0 + v/(-1) - -24. Let n = h + -9. What is the remainder when 23 is divided by n?
11
Let d(s) = s**3 + 7*s**2 + 3*s - 3. Let o be d(-3). Suppose -x + 63 = 2*a, 2*x = -0*a - a + o. What is the remainder when 66 is divided by a?
32
Suppose -3*j + 6 = 3*h, 4*h + 4*j - j = 11. Let f = h + -4. Calculate the remainder when 42 - ((-1)/f + 2) is divided by 11.
8
Suppose 60 = 11*x - 457. Calculate the remainder when 84 is divided by x.
37
Let h be 36/(-8)*(-4)/6. Suppose -h*u + 104 = -64. Suppose -64 = -3*z + b, 4*z - b - 143 + u = 0. What is the remainder when z is divided by 8?
7
Let h = 22 - 12. Let c = -20 + 57. Calculate the remainder when c is divided by 4/h + (-189)/(-15).
11
Let t = -424 + 553. Calculate the remainder when t is divided by 40.
9
Suppose 4*j - 3*z - 218 - 60 = 0, 0 = -4*z + 8. Let o = 64 + -40. Calculate the remainder when j is divided by o.
23
Let k = 43 - 40. Let o(j) = j**3 - j**2 + j + 3. Calculate the remainder when o(2) is divided by k.
0
Suppose 4*k - 114 = -5*x, -6*x - 92 = -10*x - 4*k. Calculate the remainder when 62 is divided by x.
18
Suppose -10 = -2*z - 2*g, 0 = -4*z - 4*g + 5*g + 15. Suppose 0*c = 3*c + 9. What is the remainder when ((-6)/z)/(c/20) is divided by 3?
1
Let c be (-10)/((-80)/108) - (-1)/(-2). Let f = c - -39. Calculate the remainder when 103 is divided by f.
51
Let p = 723 - 716. What is the remainder when 31 is divided by p?
3
Suppose 0 = 6*a + 4*a - 40. Suppose 4*k = s + 54, -3*k + 42 = a*s - 8. Calculate the remainder when 139 is divided by k.
13
Suppose -2*c = -c - 5. Suppose -561 = -c*i - 221. What is the remainder when i is divided by 10?
8
Suppose 162 = -13*c + 19*c. Calculate the remainder when 107 is divided by c.
26
Suppose 2*h + 8*h = 30. What is the remainder when h is divided by 3?
0
Suppose 21 = 10*d + 1. Suppose 3*o - 95 = d*f, 0 = -o - 3*o - 4*f + 140. Calculate the remainder when 129 is divided by o.
30
Let v(g) be the third derivative of g**5/60 - g**4/4 + g**3 + 37*g**2. What is the remainder when v(-5) is divided by 16?
13
Suppose 14 - 36 = -z. What is the remainder when z is divided by 15?
7
Let q(j) = -j**2 - 31*j - 82. What is the remainder when q(-19) is divided by 25?
21
Let y be ((-8)/(-16))/((-2)/(-488)). Suppose y = 7*v - 193. Let l = -22 + v. What is the remainder when 91 is divided by l?
22
Suppose -8*f + 4*f = -444. Calculate the remainder when f is divided by 74/2 - (1 + (-12)/6).
35
Let u = 67 + 34. Let k(y) = 3 - 23 + y**2 + 10. Calculate the remainder when u is divided by k(-6).
23
Suppose -5*x = 13 + 12. Suppose 0 = -c - 6 + 14. What is the remainder when c is divided by (-2 - (-32)/20) + (-17)/x?
2
Let p = 34 + -41. What is the remainder when 39 is divided by (1/(3/3)*p)/(-1)?
4
Suppose -3*r + 24 = -7*r. What is the remainder when -1 - r*2/3 is divided by -1 + 5 + 1/(-1)?
0
Let d = 208 + -108. Suppose -3*x + d = x. Calculate the remainder when x is divided by 0 - -7 - 0/(-1).
4
Let o = -992 - -1043. Calculate the remainder when 1068 is divided by o.
48
Calculate the remainder when 88*((-55)/(-22) + 6/4) is divided by 59.
57
Let h = 730 - 706. What is the remainder when 71 is divided by h?
23
Let s(v) = -39*v - 246. Let p = -14 - -28. Calculate the remainder when s(-7) is divided by p.
13
Let p be 6/10*9 + 4/(-10). Calculate the remainder when 1/(25/380)*p/2 is divided by 8.
6
Let r be -2 + (0 - (-5 - -3)). Suppose r = a - 4 - 0. Suppose 2*i = 4*u - 178, 46 = u - 3*i + a*i. Calculate the remainder when u is divided by 12.
9
What is the remainder when 217 is divided by (-1)/(-10) + -2*(-7191)/180?
57
Suppose 5*p + 15 = 6*p. Suppose 4*r = -4*s - 48, -2*r - s - 26 = 2. What is the remainder when (568/r)/(3/(-6)) is divided by p?
11
Let h = -30 - -43. Calculate the remainder when 20 - (-2 - -6)/(-4) is divided by h.
8
Let x(n) = n**2 + 23*n - 66. What is the remainder when x(3) is divided by 9?
3
Suppose 0 = 49*b - 48*b + 100. Let s = -85 - b. Calculate the remainder when 73 is divided by s.
13
Let s(c) = -14*c - 2. Let t be s(2). Let z = -26 - t. Suppose -5*h + 5*q + 14 = z, -20 = -3*h - 4*q. What is the remainder when h is divided by 2?
0
Let i(j) = j**3 - 7*j**2 - 16. What is the remainder when 92 is divided by i(8)?
44
Suppose 0 = 10*x + 6 - 6. Suppose -61 = -5*c - 4*r + 22, x = 4*c + 3*r - 67. Let d = 9 - -64. What is the remainder when d is divided by c?
16
Let s(n) = -n**2 - 3*n + 223. Suppose 4*r = -5*k + 6*r + 2, -3*k - 3 = 3*r. Calculate the remainder when s(k) is divided by 56.
55
Let i(x) = 2*x**2 - 6*x - 7. Suppose -2*v = -7*v. Suppose 3*o + 1 - 40 = v. Calculate the remainder when i(7) is divided by o.
10
Suppose -4*q = -3*i - 10, 4*i = -q + 4*q - 4. Suppose 0 = 5*s + q - 99. What is the remainder when 56 is divided by s?
18
Let a = -34 - -28. Let h(i) = i**2 - 2*i - 4. Let k be h(6). Let g = k + a. Calculate the remainder when 26 is divided by g.
12
What is the remainder when 221 is divided by (-10)/(60/(-18)) + -6 - -28?
21
Let u(z) = z**2 + 5*z + 15. Let v be u(9). Suppose v = 7*p + 8. Calculate the remainder when p is divided by 10.
9
What is the remainder when (-12 + -12)*(-6)/4 is divided by 10?
6
Let o(g) = -3*g - 38. Let n = 26 - 44. Suppose 4*x - 211 - 33 = 0. What is the remainder when x is divided by o(n)?
13
Suppose 4*v = 0, 4*r + 2*v - 18 - 34 = 0. Suppose -d = 3*j - 0*d + 14, -4*j - 18 = d. Calculate the remainder when r is divided by (2/j)/(4/(-24)).
1
Let u = -844 + 1077. What is the remainder when u is divided by 28?
9
Let w be (-2)/4 + (-66)/(-4) + -4. Suppose -5*n = w - 57. What is the remainder when 50 is divided by n?
5
Suppose 0 = -3*z + 1680 - 1611. Calculate the remainder when 80 is divided by z.
11
Suppose -4*h = -11 - 1, -5*h - 201 = -4*q. What is the remainder when q is divided by 28?
26
Calculate the remainder when (-2 + 50/(-15))*(-6)/1 is divided by (1 + -11)*(-2)/4.
2
What is the remainder when 91 is divided by (-50)/(-10) - (-3 + -16)?
19
Suppose -4*z + 7*z - 102 = 0. Let u = -1585 - -1821. What is the remainder when u is divided by z?
32
Let o = -24 + 47. Let v = 37 - o. Let q(z) = 14*z - 1. What is the remainder when q(4) is divided by v?
13
Let u(o) = o**3 + 19*o**2 + 13*o + 5. Let z(f) = f**2 - 5*f - 9. Let w be z(7). What is the remainder when u(-18) is divided by 161/w + 2/(-10)?
31
Let v = 3 + 1. Suppose v*j = 86 - 14. Suppose -g + 2*o = -3*o - j, -5*o - 31 = -2*g. What is the remainder when 25 is divided by g?
12
What is the remainder when 436/(-16)*-1 - (-35)/(-28) is divided by 19?
7
Suppose -4*f = 3*d - 362, -f - 4*f - 5*d = -455. Let i = f - 42. Suppose -3*x = -i - 16. What is the remainder when x is divided by 6?
3
Suppose 0 = q - 0*q - 6. Let z be ((-256)/q)/((-2)/(-15)). What is the remainder when 4/28 - z/14 is divided by 12?
11
Suppose 71*y = 68*y + 24. Let g(n) = -2*n + 46. What is the remainder when 41 is divided by g(y)?
11
Let q = 645 + -638. Calculate the remainder when 189 is divided by q.
0
Let v(i) = 0 + 2*i**2 + 9 + 0*i - 2 + i. What is the remainder when v(-6) is divided by 15?
13
Let i = -483 - -563. Calculate the remainder when 395 is divided by i.
75
Suppose 1 = -f - 1. Let a(g) = 8*g**2 - 6*g - 4. Calculate the remainder when 117 is divided by a(f).
37
Let c(p) = -25*p - 16. Let u be ((-12)/(-8))/(3/(-184)). What is the remainder when (5/(-10))/(2/u) is divided by c(-1)?
5
Suppose n + n - 4*q = 46, 2*n - 38 = -4*q. Calculate the remainder when (-58)/3*(-18)/6 is divided by n.
16
Let p(f) = 46*f - 170. Calculate the remainder when p(5) is divided by 14.
4
Suppose 5*c = 57*o - 59*o + 626, 4*o = 4*c + 1280. Calculate the remainder when o is divided by 14.
10
Suppose 5*c + 160 = 5*a, -5*c + 68 = 5*a - 42. Calculate the remainder when a is divided by 3.
0
Let s = -212 + 219. Calculate the remainder when 166 is divided by s.
5
Let m(k) = -2*k**3 - 28*k**2 + 23*k - 16. Calculate the remainder when m(-15) is divided by 9.
8
Let l(c) = -c + 25. Let r(z) = 4*z - 76. Let